 the hundred thousands digit of 21131204?
1
What is the ten thousands digit of 88410043?
1
What is the hundreds digit of 951400262?
2
What is the tens digit of 28475770?
7
What is the hundreds digit of 491629703?
7
What is the hundreds digit of 1016780924?
9
What is the units digit of 299053059?
9
What is the hundred millions digit of 576705257?
5
What is the tens digit of 33979646?
4
What is the hundred thousands digit of 2100832064?
8
What is the hundreds digit of 23659210?
2
What is the ten millions digit of 6038293524?
3
What is the hundred thousands digit of 216935801?
9
What is the units digit of 11297730?
0
What is the hundred thousands digit of 10550252?
5
What is the thousands digit of 15103663?
3
What is the billions digit of 1758058688?
1
What is the units digit of 310912581?
1
What is the ten thousands digit of 1187998998?
9
What is the tens digit of 6768001276?
7
What is the ten millions digit of 184347086?
8
What is the units digit of 56920793?
3
What is the thousands digit of 4907216298?
6
What is the units digit of 4639186493?
3
What is the ten thousands digit of 43360291?
6
What is the millions digit of 3560767?
3
What is the millions digit of 85288042?
5
What is the thousands digit of 14185884?
5
What is the ten thousands digit of 91149131?
4
What is the units digit of 1992279801?
1
What is the units digit of 273647960?
0
What is the tens digit of 11746518?
1
What is the thousands digit of 81687284?
7
What is the tens digit of 20754842?
4
What is the hundreds digit of 151298548?
5
What is the ten millions digit of 1690650832?
9
What is the ten thousands digit of 533834232?
3
What is the thousands digit of 858383996?
3
What is the ten thousands digit of 415049802?
4
What is the units digit of 82155114?
4
What is the units digit of 61253589?
9
What is the units digit of 360463701?
1
What is the thousands digit of 536791905?
1
What is the hundreds digit of 205993643?
6
What is the hundred thousands digit of 1107074623?
0
What is the units digit of 141458265?
5
What is the thousands digit of 252962483?
2
What is the tens digit of 384239900?
0
What is the ten thousands digit of 13196420?
9
What is the ten thousands digit of 500565322?
6
What is the thousands digit of 47568841?
8
What is the units digit of 3024324697?
7
What is the ten thousands digit of 210852610?
5
What is the hundred thousands digit of 4411480?
4
What is the millions digit of 54484828?
4
What is the thousands digit of 119125292?
5
What is the hundreds digit of 1197502683?
6
What is the ten millions digit of 21297050?
2
What is the ten thousands digit of 225188016?
8
What is the thousands digit of 19474206?
4
What is the tens digit of 4358791694?
9
What is the ten millions digit of 1703003664?
0
What is the hundred thousands digit of 12517163?
5
What is the ten millions digit of 150809037?
5
What is the units digit of 471771?
1
What is the hundreds digit of 1376616813?
8
What is the ten millions digit of 11556304?
1
What is the units digit of 323507234?
4
What is the millions digit of 54694386?
4
What is the units digit of 1114136890?
0
What is the hundred thousands digit of 23926095?
9
What is the hundred millions digit of 803095592?
8
What is the ten thousands digit of 147690976?
9
What is the hundreds digit of 231942182?
1
What is the ten thousands digit of 463565485?
6
What is the hundreds digit of 9606399?
3
What is the hundreds digit of 13184505?
5
What is the hundreds digit of 8573993?
9
What is the units digit of 1848032827?
7
What is the hundreds digit of 68694294?
2
What is the hundreds digit of 26096990?
9
What is the billions digit of 1142158549?
1
What is the tens digit of 296661470?
7
What is the millions digit of 25613010?
5
What is the ten thousands digit of 386706261?
0
What is the hundred thousands digit of 128104966?
1
What is the millions digit of 163243005?
3
What is the hundred millions digit of 2081650866?
0
What is the tens digit of 202768345?
4
What is the hundreds digit of 1715196302?
3
What is the ten millions digit of 47397788?
4
What is the tens digit of 231305201?
0
What is the thousands digit of 201342678?
2
What is the units digit of 150516619?
9
What is the hundred millions digit of 433826492?
4
What is the ten thousands digit of 243092057?
9
What is the millions digit of 122991404?
2
What is the ten millions digit of 1461851276?
6
What is the units digit of 1204262202?
2
What is the millions digit of 3993784536?
3
What is the millions digit of 32577731?
2
What is the units digit of 78579244?
4
What is the ten thousands digit of 2725992?
2
What is the ten thousands digit of 46123470?
2
What is the hundred thousands digit of 186792353?
7
What is the ten thousands digit of 7097729363?
2
What is the millions digit of 178593923?
8
What is the hundred thousands digit of 35846968?
8
What is the units digit of 944328149?
9
What is the units digit of 35474800?
0
What is the millions digit of 315071877?
5
What is the billions digit of 1962978218?
1
What is the units digit of 3051694731?
1
What is the ten millions digit of 44982883?
4
What is the ten thousands digit of 38583907?
8
What is the thousands digit of 239129342?
9
What is the ten millions digit of 8010140712?
1
What is the units digit of 6078711120?
0
What is the hundred millions digit of 672874052?
6
What is the ten thousands digit of 85958570?
5
What is the units digit of 44021442?
2
What is the hundred thousands digit of 37615788?
6
What is the hundreds digit of 232198435?
4
What is the millions digit of 2714946898?
4
What is the thousands digit of 61840065?
0
What is the hundred millions digit of 3645053564?
6
What is the ten thousands digit of 11816953?
1
What is the units digit of 13712817?
7
What is the tens digit of 198116372?
7
What is the millions digit of 157766642?
7
What is the ten thousands digit of 114584937?
8
What is the hundred thousands digit of 20656094?
6
What is the ten millions digit of 145077073?
4
What is the thousands digit of 12647090?
7
What is the ten thousands digit of 684421597?
2
What is the hundreds digit of 45041254?
2
What is the thousands digit of 1050405880?
5
What is the billions digit of 1003812199?
1
What is the units digit of 7447774375?
5
What is the tens digit of 25174245?
4
What is the hundred millions digit of 1567298915?
5
What is the millions digit of 220681575?
0
What is the millions digit of 5564771506?
4
What is the hundred thousands digit of 42169729?
1
What is the millions digit of 787102343?
7
What is the units digit of 217672395?
5
What is the hundreds digit of 2027871563?
5
What is the hundred millions digit of 1191849485?
1
What is the hundred thousands digit of 129083926?
0
What is the hundred millions digit of 4140519739?
1
What is the hundred millions digit of 130593776?
1
What is the units digit of 47750425?
5
What is the thousands digit of 447519094?
9
What is the units digit of 156583414?
4
What is the hundred thousands digit of 1776389565?
3
What is the tens digit of 304383963?
6
What is the hundreds digit of 2279716?
7
What is the units digit of 108400728?
8
What is the thousands digit of 103394667?
4
What is the hundreds digit of 51479553?
5
What is the hundreds digit of 6008010?
0
What is the ten millions digit of 3171227314?
7
What is the hundreds digit of 67186874?
8
What is the tens digit of 25460915?
1
What is the tens digit of 3390933678?
7
What is the thousands digit of 44764519?
4
What is the tens digit of 283679917?
1
What is the millions digit of 946782272?
6
What is the units digit of 339277747?
7
What is the millions digit of 1244594929?
4
What is the tens digit of 43016871?
7
What is the units digit of 364709995?
5
What is the hundred thousands digit of 108859008?
8
What is the ten millions digit of 983485952?
8
What is the tens digit of 1075485366?
6
What is the hundred thousands digit of 351885720?
8
What is the units digit of 13625616?
6
What is the tens digit of 345591352?
5
What is the hundreds digit of 748430504?
5
What is the thousands digit of 1136616698?
6
What is the ten thousands digit of 740292944?
9
What is the hundred thousands digit of 804985245?
9
What is the millions digit of 2605347773?
5
What is the billions digit of 1144182389?
1
What is the hundred thousands digit of 715275604?
